 (-5 - -6)/((-2)/(-32)). Suppose -228 = 4*r - 0*r. What is the remainder when r/2*i/(-12) is divided by 13?
12
What is the remainder when 69 is divided by 15 - (2 - (-4)/(-4))?
13
Suppose 5*m + 4*o = 18, 0 = 6*o - o - 10. Let q be (-8)/6*(m - -4). What is the remainder when (-708)/q*(-2)/(-3) is divided by 20?
19
Suppose 3*i + 17 = 5*j, -3*i = 4*j - 23 + 4. Let g(q) = -q**2 + 8*q - 13. Calculate the remainder when j is divided by g(3).
0
Suppose 5*f + 3*n = 175, -27 = f - 2*f + n. Calculate the remainder when f is divided by 20.
12
Suppose -50 = -p - x + 4*x, 0 = -5*p - 2*x + 182. Calculate the remainder when p/8*(12 + 0) is divided by 30.
27
Suppose -3*a - 37 = 26. What is the remainder when (-196)/a*(-6)/(-8) is divided by 2?
1
Let b(j) = -3*j - 5 - 7*j**2 + 7*j + j**3 - 2*j. Let g = 54 - 37. Calculate the remainder when g is divided by b(7).
8
Suppose -600 = -7*y + y. Calculate the remainder when y is divided by 17.
15
Calculate the remainder when 46 is divided by ((-6)/9)/((-8)/156).
7
Let v(i) = -i**2 - 10*i - 1. Let m = 9 + -17. What is the remainder when 29 is divided by v(m)?
14
Suppose 3*k + 2*k - 1195 = 0. Suppose k = 4*x + 87. Suppose 4*j - 14 = 38. What is the remainder when x is divided by j?
12
Let x = 5 + -7. Suppose 4*u - 2*h - 32 = 0, -5*u - h = -2*h - 34. Let z = u + x. Calculate the remainder when 15 is divided by z.
3
Suppose -t = -0*t + 4. What is the remainder when 16 is divided by (t - -1)*(4 - 5)?
1
Let q = 160 + -141. Suppose 3*p - 4*p + 7 = 0. Calculate the remainder when q is divided by p.
5
Suppose 0*t + 9 = 3*t. Let m(n) = 2*n + 23. Calculate the remainder when t is divided by m(-10).
0
Let a = -1 - 1. Let q = a + 5. Suppose -3*s - 2*v + 7 + 2 = 0, 2*v + 21 = 3*s. What is the remainder when s is divided by q?
2
Let m = 6 + -4. Let j(f) = -2*f**m + 0*f**2 + f**2 + 17. Calculate the remainder when 32 is divided by j(0).
15
Suppose -s - 90 = 5*a - 6*s, a = 5*s - 26. Let y = a + 8. Let f = y + 14. Calculate the remainder when 23 is divided by f.
5
Let y = 16 - 3. What is the remainder when y is divided by 4?
1
Let l(v) = -6*v + 3. Let r be l(4). Let i = 43 + r. What is the remainder when 65 is divided by i?
21
Suppose 0 = -z + 1, -2*l + 7 = z - 2*z. What is the remainder when 13 is divided by l/(-5)*10/(-1)?
5
Let v be (-32)/6 - (-2)/6. Let l = v + 25. What is the remainder when l is divided by (-164)/(-24) + 1/6?
6
Let n(w) = w + 4. Let i be n(-3). Let h be (0 - (i + -2)) + -4. Calculate the remainder when 12 is divided by 0/(h + 1) - -7.
5
Suppose v = -2*v + 453. Suppose 64 + v = 5*t. Calculate the remainder when t is divided by (12/(-8))/(6/(-88)).
21
Suppose -5*j - 340 = 2*g, -3*j - 4*g + 0*g - 190 = 0. Let f = j + 127. Suppose 5*n + 20 = 95. Calculate the remainder when f is divided by n.
12
Calculate the remainder when ((-93)/(-6))/((-2)/(-4)) is divided by 9.
4
Let i(n) = -2*n**3 - 20*n**2 + 17*n - 4. What is the remainder when 150 is divided by i(-11)?
48
Suppose -20 = 5*n, -4*n = 3*o + o + 4. Suppose 0 = -f + 3*g + 28, -g - 3*g = -o*f + 74. Calculate the remainder when 64 is divided by f.
20
Let q be 3 + (-3 - (1 - 1)). Suppose 4 = 4*i - 0*i. Calculate the remainder when 7 is divided by (2 - -1 - q)*i.
1
Suppose -40 = -5*u + 10. What is the remainder when 29 is divided by u?
9
Let o(i) = i**3 + 21*i**2 - 4*i - 19. What is the remainder when o(-21) is divided by 23?
19
Suppose -63 = -y - 2*y. Let f = y + -6. What is the remainder when f is divided by 6?
3
Suppose 0 = m + m + x - 54, 5*m = x + 121. What is the remainder when m is divided by 7?
4
What is the remainder when 60/1 - (2 + (-9)/3) is divided by 21?
19
Suppose c = 47 - 216. Suppose 17 = -2*t + 53. Calculate the remainder when 6/30 - c/5 is divided by t.
16
Suppose -2*c - 68 = 3*m - c, 2*c + 114 = -5*m. What is the remainder when (-166)/(-4) + 2/(-4) is divided by (-1 - -2)/((-2)/m)?
8
Suppose r = 3*y + 3*r - 145, 0 = y - 5*r - 37. What is the remainder when y is divided by 16?
15
Suppose 5*d + 5*u + 215 = 0, -4*d + u - 2*u = 175. Let l = -21 - d. What is the remainder when l is divided by 8?
7
Suppose -2*c = c + 12, -5*i + 3*c + 72 = 0. Let a = 115 + -69. What is the remainder when a is divided by i?
10
Suppose 2*w + 0*w + 4*i - 10 = 0, -w + 17 = 5*i. Let f = 14 + w. Calculate the remainder when 42 is divided by f.
9
Suppose -5*d - 6 = -21. Suppose -d*l - 3*j + 9 = 0, -5 = -l - j - 2*j. Suppose 29 - 9 = l*c. Calculate the remainder when 28 is divided by c.
8
Let o = 13 + -3. Calculate the remainder when o is divided by (-8 + (0 - 0))/(-2).
2
Suppose -3*z + 2 = 4*y - z, 3*y + 2*z = -1. Let m be 10*(y/1)/6. Suppose -4*d - 3*c + 18 = -m*c, -2*c - 2 = 4*d. Calculate the remainder when d is divided by 1.
0
Suppose -3*g + 84 = 15. Let u be (0 - -1) + (0 - 10). What is the remainder when g is divided by 9/(-2)*24/u?
11
Suppose 6*a + g - 39 = a, -3*g = 3. Suppose 2 = 4*m - 2*v, 0 = m - v + 2*v - a. What is the remainder when (21 + -6)/(m/2) is divided by 4?
2
Suppose 16 = l + 7. Calculate the remainder when 43 is divided by l.
7
Suppose -c + 3 = -3*j - 13, -5*c - 5*j - 20 = 0. Calculate the remainder when (3/(-9))/(2/(-6)) is divided by c.
0
Let x be 1*-2*(-5)/2. Suppose 5*a + 10 = 0, 3*a = -i - x + 15. Calculate the remainder when 30 is divided by i.
14
What is the remainder when 9/(-6)*(-1384)/12 is divided by 35?
33
Let p = 7 - 4. Calculate the remainder when 5 is divided by p.
2
Suppose -2*v - 2*s + 1 = -5*s, 2*s - 2 = 0. Calculate the remainder when 6 is divided by v.
0
Suppose 0 = 2*i - 0 - 44. Calculate the remainder when 65 is divided by i.
21
Suppose 0 = 2*d - 19 - 7. Calculate the remainder when d is divided by 7.
6
What is the remainder when 412/14 + 39/(-91) is divided by 10?
9
What is the remainder when 73 is divided by 38/4*(-2 + 4)?
16
Suppose 0 = 2*q - 0*q + 2*g + 26, 4*q + 31 = 3*g. Let t = q - -12. What is the remainder when 7*(12/7)/2 is divided by t?
0
Suppose 0*u + u = 2. Suppose -g + 19 = -u*o, -o = -g + 10 + 4. Calculate the remainder when g is divided by (-2)/9 + 224/36.
3
Let i(d) = -d**2 + 6*d + 9. Let k be i(6). What is the remainder when 21 is divided by k + (-3)/(-1) + -4?
5
What is the remainder when (-4)/(-1)*(1 + 4) is divided by 11?
9
Let j = 8 - 1. Suppose 3*v - 5 = j. Suppose v*u = 4*s + 152, 0 = -4*u - u + 3*s + 182. What is the remainder when u is divided by 18?
16
Suppose -3*m = 2*y - 4*m - 9, -y + 7 = -3*m. Let n = 130 - 74. Suppose 10*a - 6*a - n = 0. What is the remainder when a is divided by y?
2
Let p = 4 + -2. Suppose 3*g - 4*s = -p*s + 7, 3*g = 3*s + 6. Suppose 2*j - f = -2*j + 61, -g*f - 85 = -5*j. What is the remainder when 40 is divided by j?
12
Let t = 4 - 5. Calculate the remainder when (t - (-36)/8)*2 is divided by 2.
1
Let j(o) = o**2 - 12*o + 19. Calculate the remainder when j(14) is divided by 16.
15
Let r(o) = 2*o + 2. Suppose -4*s = -4 - 132. Calculate the remainder when s is divided by r(5).
10
What is the remainder when 111/(-2)*(-13 - -11) is divided by 32?
15
Let u = 180 + -125. Calculate the remainder when u is divided by 14.
13
Let p = -12 - -32. What is the remainder when 59 is divided by p?
19
Let d(p) = -5*p**3 - p**2 + p - 1. Suppose -5*g = -4*v + 28, 0 = 2*v + 3*g - 17 - 19. What is the remainder when d(-2) is divided by v?
9
Let o(d) = -2*d + 26. What is the remainder when 73 is divided by o(-6)?
35
Calculate the remainder when 2/((-1011)/(-201) - 5) is divided by 17.
16
Suppose -3*g = i - 6*g + 8, 4*i = 4*g. Calculate the remainder when -1*(-6 - (-2)/(-2)) is divided by i.
3
Suppose -236 = -4*b - 72. What is the remainder when b is divided by 22?
19
Suppose -6*z = -2*z + 12, 4*z - 372 = -4*n. Calculate the remainder when n is divided by 33.
30
Let a = 15 - 24. Let w = a - -25. Let g(c) = c + 29. What is the remainder when g(0) is divided by w?
13
Suppose 3*b + 4 = b. Let x(g) = -g**3 - 2*g**2 - 2*g. Let f(o) = -2*o - 19. What is the remainder when x(b) is divided by f(-11)?
1
Let c(p) be the second derivative of p**4/6 + p**3/3 - 3*p**2 - 3*p. Let m be c(-5). Let u = m - 13. Calculate the remainder when u is divided by 11.
10
Suppose 0*o + 4*o - 24 = 0. Let g(q) = 2*q - 4. Let r be g(8). Let t = -2 + r. Calculate the remainder when t is divided by o.
4
Let f(i) = i - 1. Let l = 1 + -2. L